{"id":5442,"date":"2020-01-06T14:48:23","date_gmt":"2020-01-06T14:48:23","guid":{"rendered":"https:\/\/promyk.nowotarski.org.pl\/_wordpress\/?page_id=5442"},"modified":"2020-01-06T14:48:53","modified_gmt":"2020-01-06T14:48:53","slug":"promyk-pracownia-rehabilitacji","status":"publish","type":"page","link":"https:\/\/promyk.nowotarski.org.pl\/_wordpress\/pracownie-w-sds-promyk\/promyk-pracownia-rehabilitacji\/","title":{"rendered":"Promyk &#8211; Pracownia rehabilitacji"},"content":{"rendered":"<p style=\"text-align: justify;\"><a href=\"https:\/\/promyk.nowotarski.org.pl\/_wordpress\/wp-content\/uploads\/2020\/01\/promyk-rehabilitacja-1.jpg\" rel=\"lightbox[5442]\"><img loading=\"lazy\" decoding=\"async\" class=\"alignleft wp-image-5443\" src=\"https:\/\/promyk.nowotarski.org.pl\/_wordpress\/wp-content\/uploads\/2020\/01\/promyk-rehabilitacja-1-245x300.jpg\" alt=\"SDS Promyk - Pracownia rehabilitacji\" width=\"180\" height=\"220\" srcset=\"https:\/\/promyk.nowotarski.org.pl\/_wordpress\/wp-content\/uploads\/2020\/01\/promyk-rehabilitacja-1-245x300.jpg 245w, https:\/\/promyk.nowotarski.org.pl\/_wordpress\/wp-content\/uploads\/2020\/01\/promyk-rehabilitacja-1.jpg 450w\" sizes=\"auto, (max-width: 180px) 100vw, 180px\" \/><\/a><\/p>\n<p>&nbsp;<\/p>\n<p style=\"text-align: justify;\">Celem zaj\u0119\u0107 jest podnoszenie og\u00f3lnej sprawno\u015bci oraz rozwijanie zdolno\u015bci motorycznych i koordynacji ruchowej. Sala ta wyposa\u017cona jest w niezb\u0119dny sprz\u0119t do rehabilitacji oraz podnoszenia sprawno\u015bci i kondycji fizycznej. Pod okiem wykwalifikowanej fizjoterapeutki prowadzona jest rehabilitacja dostosowana do indywidualnych potrzeb ka\u017cdego z uczestnik\u00f3w. \u0106wiczenia odbywaj\u0105 si\u0119 w formie zaj\u0119\u0107 grupowych (\u0107wiczenia na stanowiskach w si\u0142owni) oraz gimnastyka indywidualna (masa\u017ce).<\/p>\n<p style=\"text-align: justify;\">Zadaniem rehabilitacji jest usprawnianie naszych podopiecznych i przygotowanie ich do pracy w pozosta\u0142ych pracowniach. Zaj\u0119cia w tej pracowni obejmuj\u0105 \u0107wiczenia og\u00f3lno-usprawniaj\u0105ce oraz indywidualne \u0107wiczenia. W ramach wykonywanych \u0107wicze\u0144 uczestnicy maj\u0105 do dyspozycji: drabinki gimnastyczne, materace, rower stacjonarny orbit rek, rotor do \u0107wicze\u0144 ko\u0144czyn g\u00f3rnych i ko\u0144czyn dolnych, atlas &#8211; zestaw do \u0107wicze\u0144, aparat do masa\u017cu cia\u0142a i inny drobny sprz\u0119t rehabilitacyjny np. pi\u0142ki itp.<\/p>\n<p>&nbsp;<\/p>\n<p style=\"text-align: justify;\"><a href=\"https:\/\/promyk.nowotarski.org.pl\/_wordpress\/wp-content\/uploads\/2020\/01\/promyk-rehabilitacja-2.jpg\" rel=\"lightbox[5442]\"><img loading=\"lazy\" decoding=\"async\" class=\"alignright wp-image-5444\" src=\"https:\/\/promyk.nowotarski.org.pl\/_wordpress\/wp-content\/uploads\/2020\/01\/promyk-rehabilitacja-2-245x300.jpg\" alt=\"SDS Promyk - Pracownia rehabilitacji\" width=\"164\" height=\"200\" srcset=\"https:\/\/promyk.nowotarski.org.pl\/_wordpress\/wp-content\/uploads\/2020\/01\/promyk-rehabilitacja-2-245x300.jpg 245w, https:\/\/promyk.nowotarski.org.pl\/_wordpress\/wp-content\/uploads\/2020\/01\/promyk-rehabilitacja-2.jpg 450w\" sizes=\"auto, (max-width: 164px) 100vw, 164px\" \/><\/a><\/p>\n<p>&nbsp;<\/p>\n<p style=\"text-align: justify;\">Uczestnicy bior\u0105 r\u00f3wnie\u017c udzia\u0142 w zaj\u0119ciach organizowanych w sali rehabilitacyjnej, kt\u00f3re pozwalaj\u0105 na roz\u0142adowanie emocji, rozlu\u017anienie i odpr\u0119\u017cenie od typowych zaj\u0119\u0107 tematycznych. W pracowni wykonywane s\u0105 r\u00f3\u017cnorodne \u0107wiczenia fizyczne, gimnastyka, zaj\u0119cia usprawniaj\u0105ce. Udzia\u0142 w zaj\u0119ciach pozwala dba\u0107 uczestnikom o swoj\u0105 kondycj\u0119 fizyczn\u0105, jak r\u00f3wnie\u017c uczy prozdrowotnego trybu \u017cycia.<br \/>\nZakres i poziom \u015bwiadczonych form pomocy dostosowany jest do mo\u017cliwo\u015bci psychofizycznych uczestnik\u00f3w. Ka\u017cdy uczestnik ma indywidualny tok usprawniania ruchowego, opracowany przez rehabilitanta, z uwzgl\u0119dnieniem zalece\u0144 i orzecze\u0144 lekarskich. Ma to na celu w\u0142a\u015bciwe stymulowanie rozwoju organizmu, rozw\u00f3j sprawno\u015bci psychofizycznej, kszta\u0142towanie korzystnych nawyk\u00f3w ruchowych, korekcj\u0119 oraz kompensacj\u0119 odchyle\u0144 i brak\u00f3w rozwojowych. Udzia\u0142 w zaj\u0119ciach terapeutycznych jest dobrowolny. Poziom i tematyka zaj\u0119\u0107 dostosowana jest do stanu zdrowia i mo\u017cliwo\u015bci os\u00f3b w nich bior\u0105cych udzia\u0142.<br \/>\nProwadzone s\u0105 r\u00f3wnie\u017c zaj\u0119cia rekreacyjno-sportowe poza o\u015brodkiem, m. in. gra w pi\u0142k\u0119 no\u017cn\u0105, siatk\u00f3wk\u0119, koszyk\u00f3wk\u0119, gry i zabawy sprawno\u015bciowe. Uczestnicy bior\u0105 r\u00f3wnie\u017c udzia\u0142 w zaj\u0119ciach na basenie.<\/p>\n<p>&nbsp;<\/p>\n<p style=\"text-align: justify;\">Pracowni\u0105 opiekuje si\u0119 i zaj\u0119cia prowadzi Joanna Szlachta.<\/p>\n","protected":false},"excerpt":{"rendered":"<p>&nbsp; Celem zaj\u0119\u0107 jest podnoszenie og\u00f3lnej sprawno\u015bci oraz rozwijanie zdolno\u015bci motorycznych i koordynacji ruchowej. Sala [&hellip;]<\/p>\n","protected":false},"author":1,"featured_media":0,"parent":5384,"menu_order":0,"comment_status":"closed","ping_status":"closed","template":"","meta":{"footnotes":""},"class_list":["post-5442","page","type-page","status-publish","hentry"],"_links":{"self":[{"href":"https:\/\/promyk.nowotarski.org.pl\/_wordpress\/wp-json\/wp\/v2\/pages\/5442","targetHints":{"allow":["GET"]}}],"collection":[{"href":"https:\/\/promyk.nowotarski.org.pl\/_wordpress\/wp-json\/wp\/v2\/pages"}],"about":[{"href":"https:\/\/promyk.nowotarski.org.pl\/_wordpress\/wp-json\/wp\/v2\/types\/page"}],"author":[{"embeddable":true,"href":"https:\/\/promyk.nowotarski.org.pl\/_wordpress\/wp-json\/wp\/v2\/users\/1"}],"replies":[{"embeddable":true,"href":"https:\/\/promyk.nowotarski.org.pl\/_wordpress\/wp-json\/wp\/v2\/comments?post=5442"}],"version-history":[{"count":5,"href":"https:\/\/promyk.nowotarski.org.pl\/_wordpress\/wp-json\/wp\/v2\/pages\/5442\/revisions"}],"predecessor-version":[{"id":5449,"href":"https:\/\/promyk.nowotarski.org.pl\/_wordpress\/wp-json\/wp\/v2\/pages\/5442\/revisions\/5449"}],"up":[{"embeddable":true,"href":"https:\/\/promyk.nowotarski.org.pl\/_wordpress\/wp-json\/wp\/v2\/pages\/5384"}],"wp:attachment":[{"href":"https:\/\/promyk.nowotarski.org.pl\/_wordpress\/wp-json\/wp\/v2\/media?parent=5442"}],"curies":[{"name":"wp","href":"https:\/\/api.w.org\/{rel}","templated":true}]}}