{"id":5493,"date":"2020-01-06T15:53:16","date_gmt":"2020-01-06T15:53:16","guid":{"rendered":"https:\/\/promyk.nowotarski.org.pl\/_wordpress\/?page_id=5493"},"modified":"2020-01-06T15:55:49","modified_gmt":"2020-01-06T15:55:49","slug":"radosc-zycia-pracownia-plastyczna","status":"publish","type":"page","link":"https:\/\/promyk.nowotarski.org.pl\/_wordpress\/pracownie-w-sds-radosc-zycia\/radosc-zycia-pracownia-plastyczna\/","title":{"rendered":"Rado\u015b\u0107 \u017cycia &#8211; Pracownia plastyczna"},"content":{"rendered":"<p style=\"text-align: justify;\"><a href=\"https:\/\/promyk.nowotarski.org.pl\/_wordpress\/wp-content\/uploads\/2020\/01\/rabka-plastyczna-1.jpg\" rel=\"lightbox[5493]\"><img loading=\"lazy\" decoding=\"async\" class=\"alignright wp-image-5494\" src=\"https:\/\/promyk.nowotarski.org.pl\/_wordpress\/wp-content\/uploads\/2020\/01\/rabka-plastyczna-1-245x300.jpg\" alt=\"\u015aDS Rado\u015b\u0107 \u017cycia - Pracownia plastyczna\" width=\"200\" height=\"244\" srcset=\"https:\/\/promyk.nowotarski.org.pl\/_wordpress\/wp-content\/uploads\/2020\/01\/rabka-plastyczna-1-245x300.jpg 245w, https:\/\/promyk.nowotarski.org.pl\/_wordpress\/wp-content\/uploads\/2020\/01\/rabka-plastyczna-1.jpg 450w\" sizes=\"auto, (max-width: 200px) 100vw, 200px\" \/><\/a>Pracownia plastyczna podejmuje r\u00f3\u017cnorodne formy pracy zgodnie z programem wspieraj\u0105co-aktywizuj\u0105cym opracowanym indywidualnie dla ka\u017cdego uczestnika.<br \/>\nW pracowni plastycznej terapeuci czuwaj\u0105 nad doskonaleniem uzdolnie\u0144, pobudzaniem wyobra\u017ani tw\u00f3rczej, usprawnianiem umiej\u0119tno\u015bci manualnych uczestnik\u00f3w.<br \/>\nPracownia jest wyposa\u017cona w niezb\u0119dny sprz\u0119t, narz\u0119dzia i materia\u0142y konieczne do wykonywania prac plastycznych.<\/p>\n<p>Uczestnicy zaj\u0119\u0107 poznaj\u0105 i wykonuj\u0105 r\u00f3\u017cne formy plastyczne, do kt\u00f3rych mo\u017cna zaliczy\u0107:<\/p>\n<ul>\n<li>Decoupage \u2013 technika ozdabiania przedmiot\u00f3w<\/li>\n<li>Prace z masami plastycznymi: masa solna, modelina<\/li>\n<li>Techniki malarskie i rysunkowe: kredka o\u0142\u00f3wkowa, pastele suche i olejne, o\u0142\u00f3wki, akwarela, plakat\u00f3wki, tempery, akryle<\/li>\n<li>Papieroplastyka: kwiaty z bibu\u0142y i krepiny, kartki okoliczno\u015bciowe, masa papierowa<\/li>\n<li>Bi\u017cuteria wykonywana r\u00f3\u017cnymi technikami<\/li>\n<li>Inne formy plastyczne: ozdoby z nasion i makaron\u00f3w<\/li>\n<\/ul>\n<p>&nbsp;<\/p>\n<p><a href=\"https:\/\/promyk.nowotarski.org.pl\/_wordpress\/wp-content\/uploads\/2020\/01\/rabka-plastyczna-2.jpg\" rel=\"lightbox[5493]\"><img loading=\"lazy\" decoding=\"async\" class=\"alignleft wp-image-5495\" src=\"https:\/\/promyk.nowotarski.org.pl\/_wordpress\/wp-content\/uploads\/2020\/01\/rabka-plastyczna-2-300x225.jpg\" alt=\"\u015aDS Rado\u015b\u0107 \u017cycia - Pracownia plastyczna\" width=\"267\" height=\"200\" srcset=\"https:\/\/promyk.nowotarski.org.pl\/_wordpress\/wp-content\/uploads\/2020\/01\/rabka-plastyczna-2-300x225.jpg 300w, https:\/\/promyk.nowotarski.org.pl\/_wordpress\/wp-content\/uploads\/2020\/01\/rabka-plastyczna-2-768x576.jpg 768w, https:\/\/promyk.nowotarski.org.pl\/_wordpress\/wp-content\/uploads\/2020\/01\/rabka-plastyczna-2.jpg 800w\" sizes=\"auto, (max-width: 267px) 100vw, 267px\" \/><\/a><\/p>\n<p>&nbsp;<\/p>\n<p>Prace wykonywane w pracowni powstaj\u0105 na r\u00f3\u017cnych pod\u0142o\u017cach: drewno, sklejka, p\u0142yta pil\u015bniowa, patyki, szk\u0142o, ceramika, p\u0142ytki ceramiczne, blacha, p\u0142yta gramofonowa, sznurek, masa solna, modelina i inne.<br \/>\nZaj\u0119cia plastyczne odbywaj\u0105 si\u0119 r\u00f3wnie\u017c poza pracowni\u0105 np. plenery malarskie, udzia\u0142 w wystawach artystycznych, warsztatach plastycznych.<br \/>\nZaj\u0119cia prowadzone s\u0105 indywidualnie oraz w grupach otwartych i zamkni\u0119tych w zale\u017cno\u015bci od aktualnych potrzeb i planu pracy o\u015brodka.<\/p>\n<p>&nbsp;<\/p>\n<p>Pracowni\u0105 opiekuj\u0105 si\u0119 i zaj\u0119cia prowadz\u0105: Monika Rzonca i Halina Sobieraj.<\/p>\n","protected":false},"excerpt":{"rendered":"<p>Pracownia plastyczna podejmuje r\u00f3\u017cnorodne formy pracy zgodnie z programem wspieraj\u0105co-aktywizuj\u0105cym opracowanym indywidualnie dla ka\u017cdego uczestnika. [&hellip;]<\/p>\n","protected":false},"author":1,"featured_media":0,"parent":5477,"menu_order":0,"comment_status":"closed","ping_status":"closed","template":"","meta":{"footnotes":""},"class_list":["post-5493","page","type-page","status-publish","hentry"],"_links":{"self":[{"href":"https:\/\/promyk.nowotarski.org.pl\/_wordpress\/wp-json\/wp\/v2\/pages\/5493","targetHints":{"allow":["GET"]}}],"collection":[{"href":"https:\/\/promyk.nowotarski.org.pl\/_wordpress\/wp-json\/wp\/v2\/pages"}],"about":[{"href":"https:\/\/promyk.nowotarski.org.pl\/_wordpress\/wp-json\/wp\/v2\/types\/page"}],"author":[{"embeddable":true,"href":"https:\/\/promyk.nowotarski.org.pl\/_wordpress\/wp-json\/wp\/v2\/users\/1"}],"replies":[{"embeddable":true,"href":"https:\/\/promyk.nowotarski.org.pl\/_wordpress\/wp-json\/wp\/v2\/comments?post=5493"}],"version-history":[{"count":6,"href":"https:\/\/promyk.nowotarski.org.pl\/_wordpress\/wp-json\/wp\/v2\/pages\/5493\/revisions"}],"predecessor-version":[{"id":5501,"href":"https:\/\/promyk.nowotarski.org.pl\/_wordpress\/wp-json\/wp\/v2\/pages\/5493\/revisions\/5501"}],"up":[{"embeddable":true,"href":"https:\/\/promyk.nowotarski.org.pl\/_wordpress\/wp-json\/wp\/v2\/pages\/5477"}],"wp:attachment":[{"href":"https:\/\/promyk.nowotarski.org.pl\/_wordpress\/wp-json\/wp\/v2\/media?parent=5493"}],"curies":[{"name":"wp","href":"https:\/\/api.w.org\/{rel}","templated":true}]}}